1)/(-9) + (-10)/45. Let u be (-12)/9*a/(-6). Suppose r + u = 2*r - 4*l, -l + 190 = 5*r. Is r composite?
True
Let r = 23330 + -9489. Is r composite?
False
Is (-7188)/15*(-100)/40 a composite number?
True
Is (-262366)/(-91) + -6 - (-6)/7 prime?
False
Suppose 2*b = -5*q - 829, 3*b = -4*q + 9*q - 1306. Let v = b - -1544. Is v a composite number?
False
Let y(o) = -o**2 - 6*o - 5. Let t be y(-3). Suppose 4*c = c + 4*m - 26, -3*c - t*m - 10 = 0. Is -86*(21/c + 3) composite?
False
Suppose -5*b + 15 = -d, 0 = 5*d + 3*b - 6 - 3. Suppose -2*y + 1991 = -513. Suppose d = -5*s - y + 8057. Is s composite?
False
Let z = 17 - 13. Suppose 3597 = 5*m + f, -z*m = f + 4*f - 2886. Is m prime?
True
Let z(x) be the second derivative of 11*x**4/6 + 5*x**3/3 - 7*x**2/2 - 2*x. Let j = -138 + 146. Is z(j) composite?
False
Suppose 19*i - 17*i = 8. Let b = i - -33. Is 2 + (b + -1 - 3) composite?
True
Let x = 3555 - 294. Is x a prime number?
False
Let t(h) = 28*h**2 + h - 3. Let u be t(3). Suppose 3*x = -f + 164 + 68, -3*x + 3*f = -u. Is x a composite number?
False
Suppose -35*h + 509397 + 275408 = 0. Is h composite?
True
Suppose -3*t = -2*t - 41. Let b(o) = -16*o + 2. Let k be b(-1). Let r = t + k. Is r prime?
True
Suppose -19*c = -26252 + 7651. Is c composite?
True
Is (-647320)/16*2/(-5) composite?
False
Let o(g) = -25 - 5*g**3 - 59*g + 6*g**2 - 61*g + g**2 + 108*g. Is o(-11) a prime number?
False
Suppose -m - 8 = 3. Let v(x) = 23*x + 8. Let k(j) = -45*j - 16. Let y(b) = m*v(b) - 6*k(b). Is y(7) prime?
True
Let t = -2203 - -4038. Is t a prime number?
False
Let m = 9762 + -5771. Is m prime?
False
Let i(g) = -1027*g + 10. Let a(l) = 685*l - 7. Let n(v) = -7*a(v) - 5*i(v). Is n(2) prime?
False
Let g = -7 + 10. Suppose -2*s - 7 = 1, g*l = 4*s + 25. Suppose 5*r - 43 = 2*w + 294, 199 = l*r + 2*w. Is r prime?
True
Let o(n) = -n - 9. Let k be o(-11). Suppose k*g + 32 = 6*g. Is (-12)/g*492/(-9) composite?
True
Let i(d) = 2*d**2 - 16*d + 281. Is i(-52) a composite number?
False
Suppose -13 = -2*o - o + 4*x, 4*o + 2*x - 32 = 0. Let z(m) = 2*m - 8. Let c be z(o). Suppose 3*p = c*p - 165. Is p composite?
True
Suppose 5*s = -2*x - 28, s + 6 = -x + 1. Let g(a) = -2*a**3 + 7*a**2 + 7*a + 6. Let w be g(s). Suppose 5 = -5*r - 0*r, -w = -4*b + 4*r. Is b prime?
False
Let r(i) = -66*i + 7. Let x(t) = -t**3 + t**2 + 4. Let q be x(0). Suppose 0*k - 2*k - q*f = 18, -k = -2*f - 3. Is r(k) a prime number?
False
Let o(i) = i**3 - 4*i**2 + 7*i - 4. Let m be o(2). Suppose l + x - 2051 = -m*l, -2740 = -4*l - 4*x. Is l composite?
False
Suppose 4*i = 5*i - 100. Let r = i + 179. Is r/18*(4 - -2) a composite number?
True
Suppose 19605 = -13*i + 132094. Is i a composite number?
True
Let b be (-1 - 0)*110/(-1). Let m = 4 + 97. Let h = m + b. Is h a prime number?
True
Suppose -14*v + 12*v + 10323 = -h, 4*v + 2*h - 20642 = 0. Is v composite?
True
Let p(z) = -z**3 + 8*z**2 - z - 5. Let w be p(3). Is -4*((-21)/12)/7*w prime?
True
Let z(v) = -v - 1. Let s be z(-2). Let k be 1/(s/15)*5. Let f = 16 + k. Is f a prime number?
False
Suppose -v + 4*p = -1925, -v - 4*p + 1923 = -6*p. Is v composite?
True
Suppose 0 = 12*d - 1207 - 965. Is d a prime number?
True
Let p(n) = -1619*n - 7. Let d be p(-2). Suppose d = 3*a - 1848. Is a a composite number?
False
Suppose c = -5*r + 52135, -41150 = -4*r + 2*c + 558. Is r composite?
False
Suppose 2172372 = 33*j - 151719. Is j composite?
True
Let i be -9 + 8 + (0 - -1). Suppose 3*f = 2*x + 610, 4*x = 4*f + 6*x - 832. Suppose i = y - g - 4*g - 236, f = y + g. Is y a prime number?
True
Is (-8)/16 - (-7356)/8 a prime number?
True
Suppose 20 = -5*s, -4*q - 3*s = 17749 - 66645. Is q a prime number?
True
Let k(o) = -o - 2. Let j be k(0). Is 4/(-6) - (-13386)/(-36)*j prime?
True
Is ((-21755)/15 + 4)*-3 prime?
True
Suppose 4 + 24 = 7*j. Suppose 5*r - 2*r + 3856 = 2*m, 2*m = j*r + 3854. Is m a prime number?
True
Let o = 29 - 22. Suppose o*c = 2*c + 9830. Suppose 7*d = 5*d + c. Is d a prime number?
True
Let b(k) = 3*k**2 + 23*k - 6. Let i be b(-10). Suppose -3*g + i = -317. Is g a composite number?
False
Suppose 181810 = 18*c - 77300. Is c prime?
False
Suppose -a + 0*d - 1779 = 2*d, -7121 = 4*a + 3*d. Let z = a - -3097. Is ((z - 0)/2)/2 composite?
True
Suppose 4*w - a = 3435, -3*w + 4299 = 2*w - 3*a. Let s = 1468 - w. Let u = s - 311. Is u prime?
False
Suppose 150 = 16*w - 570. Is (-2)/6 - (-496230)/w a composite number?
False
Let d(t) = -t**2 - 10*t - 14. Let q be d(-8). Suppose 21 = q*r + 1. Suppose 3*i = r + 20. Is i a composite number?
True
Suppose -3*q - 3*d - 60 = 0, 53 = -2*q + d + 13. Let n be (0 - (-16)/q)*-205. Suppose -4*j = -6*j + n. Is j a prime number?
False
Let x(h) be the first derivative of -h**2 - 10*h + 5 + 1/3*h**3. Is x(-7) a prime number?
True
Let m(j) = -46*j**2 - 8*j - 1. Let v be m(4). Suppose -2*s - 4694 = -5*s - 4*h, -4*s + 4*h = -6268. Let x = v + s. Is x a prime number?
True
Suppose -243 = -8*c + 8453. Is c prime?
True
Suppose -3*r = -3*j - 23391, -9*j = r - 14*j - 7805. Is r composite?
True
Let s(w) be the first derivative of -w**4/4 + 2*w**3/3 + 13*w - 4. Let k be -9*((-10)/(-3))/5. Is s(k) composite?
True
Let b = 260 - -1671. Is b prime?
True
Suppose -4*w + 1121 + 615 = 0. Let i be (-1)/(-4) + 5992/(-32). Let m = w + i. Is m a composite number?
True
Is (1/2)/((-19)/(-455506)) prime?
True
Suppose 0 = 4*y + 4, -5*u = 2*y - 36341 + 6308. Is u composite?
False
Is (45/(-10))/(-9)*(4 + 11958) composite?
False
Let i = 85792 + -38193. Is i a composite number?
False
Let r(n) = 26*n**2 + 5*n + 1. Let a be r(-4). Let u = a - 242. Is u composite?
True
Let g be (8/2 - 1) + -7. Let h be (g/(-4))/(3/3228). Is h/8*4 + 3 a prime number?
True
Let m = -35420 - -53473. Is m prime?
False
Let u be (-11)/((-1482)/(-742) - 2). Suppose g = 8*g - u. Is g a prime number?
False
Suppose -u - 15 = 3*u + 5*x, -3*u - x - 3 = 0. Suppose -s + 3*f = -0*s - 337, s + 5*f - 321 = u. Is s prime?
True
Let v be 1 - (-3099)/6*-2. Suppose 0 = 3*u + 2*u + 5*n - 20, 4*u = 3*n + 44. Is 7/(-3)*v/u a composite number?
True
Suppose 5*u = -0*u + 85. Let m(r) = u*r - 1 + r + 2*r. Is m(4) a composite number?
False
Let j = 36 - 44. Let y be (-3)/(3/(-2))*-1. Is (1759 + y)/((-8)/j) a prime number?
False
Let r be (11 - 2)*8/12. Suppose 0 = -4*s + r*s. Suppose s*w + 4*w - 76 = 0. Is w a composite number?
False
Let y = -6388 + 13341. Is y a composite number?
True
Let g = 96 - 44. Suppose 0 = 3*c - g - 239. Is c a composite number?
False
Is 2 + (-33)/12 + (-19415)/(-4) a prime number?
False
Let a(d) be the first derivative of -15*d**2/2 - 16*d + 2. Let q(n) = n**2 - 35*n + 28. Let r be q(34). Is a(r) composite?
True
Let d(h) = 2*h + h**2 - 5*h + 2*h. Let r be d(7). Suppose -1932 = -6*p + r. Is p a prime number?
False
Suppose -3*g + 5*g = -4*i + 106882, 6 = 3*i. Is g a composite number?
False
Suppose 19 = 4*c - d - 0, -d - 14 = -3*c. Suppose c*t - t = 532. Suppose -302 = -5*a + t. Is a composite?
True
Let a(b) = -575*b + 16. Is a(-3) composite?
False
Suppose -3*z = -6369 - 2412. Is z prime?
True
Let r(o) = o**3 - 7*o**2 + 5*o - 6. Let c be r(6). Let z be ((-30)/(-4))/(c/16). Is ((-526)/z)/(7/35) a composite number?
False
Suppose -6*a + 16088 = -5488. Suppose -5*z = -9*z + a. Is z composite?
True
Let u = 381 - 195. Let r = 629 - u. Is r a prime number?
True
Suppose -5*a = -5*r + 35, 0*r = -r + 3*a + 15. Suppose -5*m + 4*u + 70 = 0, 7*m = 4*m - r*u + 42. Let y(c) = 6*c + 5. Is y(m) prime?
True
Suppose -5*s + 17 = 2, -4*s - 14441 = -m. Is m composite?
True
Suppose 5*m = -9 - 6. Let j be 3 - 3/m*1. Suppose -4*o + 5*p = -2222, 993 = -3*o - j*p + 2644. Is o a prime number?
False
Suppose 8 = 2*x + 4*y, 0 = 5*x - 0*y - 5*y - 5. Is (12 + -11)*382/x prime?
True
Suppose 0 = -0*v - 4*v + 8. Suppose 490 = v*s + 128. Is s prime?
True
Let c = -27 - -27. Is 214 + (c - -1)/1 a composite number?
True
Suppose -3*v = 4*o - 43, 0*o + 2*o + 5*v - 25 = 0. Suppose 4*j - o = 26. Let l(q) = -q**2 + 10*q + 10. Is l(j) a prime number?
True
Let k = 73 - 71. Suppose k*c = 2*t + 432, 2*c - c + t - 206 = 0. Is c a prime number?
True
Let s be (-1)/3 + (19/3 - 1). Suppose 0 = s*l - 286 - 609. Is l a prime number?
True
Suppose w + 78648 = 25*w. Is w composite?
True
Suppose 54356 = 4*c - 10848. Is c a composite number?
False
Suppose 16*g = 17*g - 1